 h(v) = -2*d(v) - w(v). Let y = -30 + 31. Determine h(y).
-15
Suppose 36*q = 1265 + 2515. Let g be (-20)/(-210) + (-1060)/q. Let v(b) = b**3 + 11*b**2 + 12*b + 11. Calculate v(g).
-9
Let v(l) = -1 - 8*l**2 + 3*l + 3*l**2 - 6*l + 6*l**2 - 17. Calculate v(8).
22
Let f(w) = -25 + 18*w + 3*w - 31533*w**2 + 31532*w**2. Give f(20).
-5
Let i = -345 - -344. Let b(a) = 2*a**2 - a - 1. Let j(l) = 14*l**2 - 7*l - 5. Let f(t) = i*j(t) + 6*b(t). Calculate f(-1).
-4
Let q(p) = -13*p**3 + p**2 - 3*p - 22. Let j be q(-4). Let o = -823 + j. Let n(x) = x**3 - 15*x**2 + x - 11. Give n(o).
4
Suppose -5*h - 10 = -4*h. Let y(u) = -31*u**3 + 20*u**2 + 2*u + 15. Let m(d) = -17*d**3 + 10*d**2 + d + 8. Let w(a) = 11*m(a) - 6*y(a). Calculate w(h).
8
Let c(m) be the third derivative of m**4/3 + 9*m**3 + 3195*m**2. Determine c(-7).
-2
Let g(w) be the third derivative of w**6/720 - w**5/20 + w**4/24 - 4*w**3/3 + 82*w**2 + 2*w. Let n(l) be the second derivative of g(l). Determine n(2).
-4
Let l(o) = o**2 - 2*o - 7. Let q(t) = -5*t - 30. Let v = -198 + 191. Let z be q(v). Calculate l(z).
8
Let l(o) be the third derivative of -o**4/24 - o**3/2 - o**2. Suppose 87 = -44*y + 43. What is l(y)?
-2
Suppose 43 = 6*j + 25. Suppose c + 3*c - 20 = 0, -2*o + 5*c = j. Let b(f) = 3*f + 10*f**3 - 3 - o*f**3 + 3*f**3 - 3*f**2. Calculate b(2).
7
Let f(l) be the first derivative of -l**4/4 + l**3/3 - l**2/2 + l + 869. Calculate f(1).
0
Let x(y) be the third derivative of y**6/120 - y**5/12 + y**4/24 + y**3/2 - y**2. Suppose 14*t = 156 - 86. Determine x(t).
8
Let s(t) = t**2 + 17*t + 27. Suppose -4*x = 5*q - 3*x + 76, -3*q - 4*x = 32. Calculate s(q).
11
Let z(n) be the first derivative of -7*n**3/3 - n**2/2 + 26078. Suppose -5*v = 5*i - 30, -5*v - 2*i = 2*i - 25. Determine z(v).
-8
Let i be 12 + (10 - 2)*(-1)/2. Suppose 2*u + 4*l = 3*u - i, 3*l = -9. Let w(c) = c**2 + 7*c + 6. Determine w(u).
-6
Let t(z) = -4*z**3 - 30*z**2 - 81*z - 18. Let j(p) = -7*p**3 - 50*p**2 - 135*p - 30. Let m(c) = -7*j(c) + 12*t(c). Calculate m(12).
-42
Suppose -4*p - 16 = -5*s, 5*p + 11 = -3*s + 28. Suppose 12 = -2*f - s*v, 18 = -f - 2*f - v. Let d(w) = -3*w. Calculate d(f).
18
Let f(k) = 21 - 3 + 95*k - 50*k - 57*k - k**2. What is f(-15)?
-27
Suppose -7*i + 6*i = 3*b - 26, -b = i - 12. Let g(t) = 14*t**2 + 10*t - b*t - t + 1. Determine g(-1).
13
Let p be (15/(-35))/(40/35) + 330/(-16). Let q(k) = -k**3 - 20*k**2 + 20*k - 6. Give q(p).
15
Let u(k) = k**3 - 10*k**2 - 8*k - 14. Let r = -3268 - -3279. Calculate u(r).
19
Suppose -2*t = 3262*i - 3265*i + 3, 3*t - 27 = 0. Let v(l) = 2*l + 0*l - 1 - 1 + l**3 + 2*l - 8*l**2. What is v(i)?
-23
Let s = -210 - -113. Let w = 93 + s. Let o(r) = r**2 + 3*r + 1. Calculate o(w).
5
Let f(m) be the first derivative of m**3/3 - 11*m**2 + 20*m + 1161. Give f(22).
20
Let h(x) = -29 + 3 + 20 - 3*x - 2*x + 5*x**2 + 2. What is h(-1)?
6
Let f(i) = i**3 - 7*i**2 + 9*i + 5. Let g(d) = d**2. Let m(q) = f(q) - 3*g(q). Let n(a) = 2*a**3 + 49*a**2 - 42*a - 416. Let c be n(-25). Give m(c).
5
Let i = 127 - 125. Let k(z) = z**3 - z + 2*z**i + 1011 - 989 - z**2. What is k(0)?
22
Let u(y) = y**3 - 9*y**2 + 8*y + 7. Suppose 68 = 2*r - 5*n, -136 = -5*r + 6*n - 2*n. Let w be 3*4/r*16. Let l be 29/4 + 6/w. Calculate u(l).
7
Let x(c) = -c + c**2 + c. Let r = 7628 - 7628. What is x(r)?
0
Let r(x) = 8 - x + 6 + 0*x. Let z be -2 - 104/(-6) - 500/(-300). Give r(z).
-3
Let a(y) = 88*y - 120. Let c(p) = 134*p - 181. Let s(l) = -11*a(l) + 7*c(l). What is s(2)?
-7
Let k(l) = 10*l + 3. Suppose -4*q - 90 = -5*o, 6*o - 4*o + 5*q - 69 = 0. Suppose s = -2*y, -y + 0*y + 5*s = o. Determine k(y).
-17
Let c(j) = j**2 - 19*j + 28. Let f be c(15). Let b(x) = -x**2 - 32*x - 1. What is b(f)?
-1
Let w(t) = 2*t**3 - 11*t**2 - 43*t + 238. Let f be w(5). Let r(u) = 3*u**2 + 4*u + 7. Give r(f).
11
Suppose 3 - 11 = -4*i. Let u(z) = 7 - z**2 - 9 + 1 + 3*z + i*z. Give u(3).
5
Let m(w) be the third derivative of -w**4/12 + w**3/2 - 9*w**2. Let i(f) = -6*f - 15. Let g be i(-7). Suppose g*d - 60 = 7*d. Calculate m(d).
-3
Let a(b) = -2*b - 3. Let u = 7 - 12. Let h(x) = -13*x - 7. Let s(p) = u*a(p) + h(p). Determine s(9).
-19
Let r(a) = -a**2 - 11*a + 11. Let q(j) = 3*j**2 + 34*j - 34. Let y(w) = -2*q(w) - 7*r(w). Let x(z) = -z**3 + 32*z**2 + 185*z - 10. Let i be x(-5). What is y(i)?
1
Suppose -4*z - 15 = -5*l, -2*z - 3 = -l - 0. Suppose -4*u + l = -1. Let a(j) = -57*j - 558. Let w(x) = 11*x + 108. Let y(s) = -6*a(s) - 31*w(s). What is y(u)?
1
Let u(s) = -2*s**2 - s + 7. Let r = 5646 + -5646. Give u(r).
7
Let w = 8639 - 8639. Let m(y) be the second derivative of -23*y + 2*y**2 + w + 1/2*y**3. Calculate m(4).
16
Let p(q) = -2*q**3 + 21*q**2 - 15*q + 39. Suppose 0 = -l + 3, -7*x + 3*x + 2*l + 34 = 0. Calculate p(x).
-11
Let t(v) = -362*v**3 + 100*v**2 - 4*v - 7. Let x(m) = -120*m**3 + 29*m**2 - m - 2. Let c(o) = -2*t(o) + 7*x(o). Calculate c(-1).
118
Suppose -3*o + 36 = 3*i, -i - 11 = -2*o + 10. Let u(c) = o + 2*c + 8*c - 7*c. Calculate u(-6).
-7
Let f(z) = -60*z + 1. Let q(i) = 308*i - 5. Let h(o) = -41*f(o) - 8*q(o). Suppose 15 = 3*b, -3*b - 14 = s - 6*b. Give h(s).
-5
Let x(a) = a**3 - 9*a**2 - 13*a + 22. Let k = 19389 - 19379. Determine x(k).
-8
Suppose 3*v + 34 = 97. Suppose -v + 69 = 12*c. Let f(t) be the second derivative of -t**4/12 + 5*t**3/6 - t**2/2 + t. What is f(c)?
3
Let q(t) = -84*t + 240*t - 2 + 1 - 24*t**3 - 75*t - 79*t. Let k(l) = l**2 - 13*l + 13. Let r be k(12). Determine q(r).
-23
Let j(u) = 3*u**2 + 4*u**2 - 3*u**2 - 3 - 3*u**2 - 2*u**2. Let t(f) = 5*f**2 + 4*f + 2. Let a(r) = -4*j(r) - t(r). Calculate a(-7).
-11
Let h(r) = -25*r**2 - 6*r + r**3 + 2062 + 20*r**2 - 2069. What is h(7)?
49
Let f(z) = 11*z**2 + 22*z + 22. Let s = -17152 - -17151. Determine f(s).
11
Let p(k) = -4 + k**2 + 2 + 4. Let c(r) = r**2 + 8*r + 16. Let f be c(-15). Let g = -125 + f. Determine p(g).
18
Let r(s) be the first derivative of s**4/4 - s**3/3 - 2*s**2 + 3*s + 25. Suppose -59 = 4*w - d - 76, -14 = 2*w + 4*d. Give r(w).
9
Let l(o) = -5*o**2 - 39*o + 225. Let h(m) = 4*m**2 + 39*m - 227. Let i(s) = -6*h(s) - 5*l(s). Let a be i(7). Let r(y) = y**3 - 12*y**2 - 15*y + 17. Give r(a).
-9
Suppose 3*u - 75 = -5*y, -2*y + 13*u - 8*u = -30. Let n(o) = o**3 - 14*o**2 - 14*o - 11. Give n(y).
4
Let d(v) = -v**3 - 3*v**2 + 5*v - 4. Let n be (1763/(-369) - 2/9)/1. Give d(n).
21
Suppose 99*c + 2 + 1 = 102*c. Let t(y) = 6*y**3 - y**2 + y - 1. Determine t(c).
5
Let z(p) = 10*p - 358. Let u be z(36). Let g(n) = 7 - 12 + u*n**2 + 6 - 3. Give g(3).
16
Suppose 46*g - 49*g = -6. Let r(j) = -g - j + 0*j - 5 - 7. What is r(-6)?
-8
Let q(s) = -11*s**2 + 2*s + 1. Let b be (5 + -4 + 2)/(3/2). Suppose 2*m = -5*g - 13, -b*g - 2*m - 12 = 2*g. What is q(g)?
-12
Let m(u) = 6*u + 6. Let z(g) = 5*g + 5. Let p be (27/81)/((-1)/12). Let w(q) = p*m(q) + 5*z(q). What is w(7)?
8
Suppose -4*k + 7*k - 15 = 0. Let a(z) = -k - 12 - z**3 - 3*z + 2*z**2 + 19. Let l(y) = 34*y + 614. Let d be l(-18). What is a(d)?
-4
Let r(j) = -j**2 - 7*j - 6. Let d = -328 - -407. Let b = 73 - d. What is r(b)?
0
Suppose -5 = -k, -329 = -4*v + k - 86. Let d = 68 - v. Suppose 0 = -5*c + 3*o + d, 5 + 3 = -3*c - 4*o. Let f(p) = p**3 - 6. Determine f(c).
-6
Suppose -38*z + 35*z + 228 = 0. Let x = z - 82. Let o(i) be the first derivative of -i**3/3 - 7*i**2/2 + i + 17. What is o(x)?
7
Let i be 57 - 5 - -2*(-6)/(-4). Let j(c) = 3 + 112*c**2 - i*c**2 - 59*c**2. Give j(2).
-5
Let s(f) = -f**3 + 6*f**2 - 5*f - 10. Let w be s(4). Let q(a) = 6*a**2 - 7*a**w - 10*a - 4 + 18*a. Give q(7).
3
Let w(o) = -37 - 10*o + 120 - 80 - 3*o**2. What is w(-4)?
-5
Let k = -238 + 168. Let w = k + 77. Let b(a) be the second derivative of -a**3/2 + 3*a**2 - 5*a. Give b(w).
-15
Let f(h) = 3*h**3 + 35*h**2 + 22*h + 8. Let d be f(-11). Let l(y) = -43*y + 352. What is l(d)?
8
Let r(k) = -k**3 - 25*k**2 + 2*k + 33. Suppose -8*g - 10751 = -10551. Calculate r(g).
-17
Let v(l) = -145 - 9*l + l**2 + 75 + 8*l + 80. Suppose -3*h = -25*h. Determine v(h).
10
Suppose -14*z + 30 = -4*z. Suppose 4*h - 9 = 3*l - 0*l, 4 = 4*l. Let t(m) = -3*m**2 - h - m**z + 4 + m + 1. Calculate t(-3).
-1
Suppose -6*x - 4*x + 20 = 0. Let f(w) = 0*w**2 + 0*w - 3*w**2 - 3*w**x + 5*w**2 - w. Give f(-6).
-30
Suppose 0 = -3*p + 2*z - 15, 2*p + p + 3 = -2*z. Let q(k) = 2*k